f 361360043?
3
What is the units digit of 2208570711?
1
What is the ten thousands digit of 997608865?
0
What is the ten thousands digit of 104030653?
3
What is the hundred millions digit of 666312190?
6
What is the tens digit of 2644851503?
0
What is the hundred thousands digit of 9961345?
9
What is the tens digit of 5540075?
7
What is the hundred thousands digit of 34141249?
1
What is the units digit of 796462?
2
What is the millions digit of 40074465?
0
What is the hundreds digit of 1312493095?
0
What is the hundreds digit of 76518826?
8
What is the thousands digit of 416941770?
1
What is the hundred millions digit of 412537191?
4
What is the millions digit of 336250245?
6
What is the ten thousands digit of 1695635830?
3
What is the millions digit of 960775396?
0
What is the hundred thousands digit of 1245262053?
2
What is the tens digit of 45009269?
6
What is the hundred millions digit of 1677483798?
6
What is the ten thousands digit of 467466004?
6
What is the hundred thousands digit of 187279795?
2
What is the millions digit of 82929213?
2
What is the hundred thousands digit of 958750214?
7
What is the millions digit of 69723671?
9
What is the tens digit of 7818988?
8
What is the tens digit of 62416111?
1
What is the ten millions digit of 726944281?
2
What is the millions digit of 3325370556?
5
What is the hundred thousands digit of 419524556?
5
What is the hundreds digit of 2742620771?
7
What is the ten thousands digit of 127456565?
5
What is the tens digit of 88529270?
7
What is the units digit of 48709764?
4
What is the ten thousands digit of 702566257?
6
What is the millions digit of 276611479?
6
What is the ten millions digit of 375026445?
7
What is the ten thousands digit of 547726423?
2
What is the tens digit of 834781726?
2
What is the hundred millions digit of 3136095016?
1
What is the units digit of 2096925375?
5
What is the ten millions digit of 196637778?
9
What is the units digit of 32345597?
7
What is the thousands digit of 4490488838?
8
What is the millions digit of 65359410?
5
What is the tens digit of 135478208?
0
What is the ten millions digit of 344164542?
4
What is the millions digit of 421950134?
1
What is the units digit of 168277013?
3
What is the ten thousands digit of 2612475417?
7
What is the hundred millions digit of 361763032?
3
What is the hundred thousands digit of 703330902?
3
What is the hundred thousands digit of 1060603458?
6
What is the thousands digit of 490553233?
3
What is the hundred millions digit of 166528969?
1
What is the hundred millions digit of 2801184781?
8
What is the hundred millions digit of 247623896?
2
What is the ten thousands digit of 165359534?
5
What is the ten millions digit of 44463860?
4
What is the ten millions digit of 153779682?
5
What is the ten millions digit of 170479800?
7
What is the hundreds digit of 261884770?
7
What is the hundred millions digit of 1646133226?
6
What is the ten thousands digit of 22985240?
8
What is the hundred millions digit of 1544678524?
5
What is the hundreds digit of 2752384057?
0
What is the units digit of 8655674?
4
What is the thousands digit of 5285076461?
6
What is the units digit of 2448647449?
9
What is the millions digit of 49881753?
9
What is the units digit of 31548291?
1
What is the millions digit of 2854464869?
4
What is the hundred millions digit of 437517041?
4
What is the hundred thousands digit of 72439894?
4
What is the ten millions digit of 6384424497?
8
What is the thousands digit of 52231359?
1
What is the ten millions digit of 571954083?
7
What is the hundreds digit of 1073500?
5
What is the units digit of 1843605680?
0
What is the ten thousands digit of 134715928?
1
What is the hundred thousands digit of 201220831?
2
What is the hundreds digit of 454094600?
6
What is the ten thousands digit of 1051348088?
4
What is the millions digit of 7196393?
7
What is the ten thousands digit of 907210274?
1
What is the millions digit of 580588270?
0
What is the ten millions digit of 602934505?
0
What is the thousands digit of 913448903?
8
What is the millions digit of 1692878194?
2
What is the hundred millions digit of 145181533?
1
What is the ten millions digit of 420819252?
2
What is the hundreds digit of 2659696414?
4
What is the ten millions digit of 2560882608?
6
What is the hundred thousands digit of 6048131?
0
What is the thousands digit of 1759338132?
8
What is the thousands digit of 91825076?
5
What is the ten millions digit of 3454460882?
5
What is the ten millions digit of 149196393?
4
What is the millions digit of 60666485?
0
What is the hundreds digit of 3344813162?
1
What is the hundred millions digit of 155727990?
1
What is the millions digit of 154051439?
4
What is the billions digit of 2415492273?
2
What is the hundred thousands digit of 358334089?
3
What is the hundred thousands digit of 97683165?
6
What is the thousands digit of 445072079?
2
What is the ten millions digit of 31435522?
3
What is the thousands digit of 96741910?
1
What is the ten millions digit of 11053954?
1
What is the hundreds digit of 221793573?
5
What is the billions digit of 4428569267?
4
What is the ten thousands digit of 133485769?
8
What is the thousands digit of 241395518?
5
What is the thousands digit of 129111139?
1
What is the ten thousands digit of 1464866?
6
What is the units digit of 31311380?
0
What is the hundreds digit of 1024655843?
8
What is the units digit of 1801809467?
7
What is the tens digit of 109027698?
9
What is the hundred thousands digit of 74501337?
5
What is the hundred thousands digit of 1772931203?
9
What is the units digit of 342913079?
9
What is the hundred millions digit of 3969168312?
9
What is the thousands digit of 777980276?
0
What is the tens digit of 586561282?
8
What is the ten thousands digit of 1131986816?
8
What is the tens digit of 9586860?
6
What is the thousands digit of 174563711?
3
What is the ten thousands digit of 145918798?
1
What is the ten thousands digit of 11291601?
9
What is the thousands digit of 153306776?
6
What is the units digit of 15361700?
0
What is the tens digit of 35096515?
1
What is the hundreds digit of 306160676?
6
What is the millions digit of 9045625?
9
What is the thousands digit of 1782080979?
0
What is the units digit of 254225737?
7
What is the hundred millions digit of 1612670264?
6
What is the hundreds digit of 290351305?
3
What is the ten millions digit of 113989192?
1
What is the billions digit of 2638104882?
2
What is the ten thousands digit of 32614983?
1
What is the ten millions digit of 62691383?
6
What is the hundred millions digit of 1293361430?
2
What is the units digit of 534309869?
9
What is the hundred thousands digit of 123941964?
9
What is the hundreds digit of 46498934?
9
What is the ten millions digit of 23935365?
2
What is the thousands digit of 8383961538?
1
What is the billions digit of 2587345891?
2
What is the tens digit of 1481536829?
2
What is the ten millions digit of 186758313?
8
What is the ten thousands digit of 30591282?
9
What is the ten thousands digit of 215213640?
1
What is the tens digit of 58910164?
6
What is the hundred thousands digit of 72985213?
9
What is the hundreds digit of 309271485?
4
What is the ten millions digit of 429005980?
2
What is the millions digit of 290017570?
0
What is the hundreds digit of 333217330?
3
What is the ten thousands digit of 1762131800?
3
What is the hundreds digit of 5458012?
0
What is the hundred thousands digit of 20007656?
0
What is the tens digit of 5339474638?
3
What is the thousands digit of 35605537?
5
What is the millions digit of 678212581?
8
What is the ten millions digit of 166349924?
6
What is the units digit of 264999837?
7
What is the units digit of 261626498?
8
What is the millions digit of 39810708?
9
What is the ten thousands digit of 274465914?
6
What is the ten thousands digit of 923233344?
3
What is the thousands digit of 18822134?
2
What is the ten millions digit of 56839338?
5
What is the hundred thousands digit of 413097531?
0
What is the ten thousands digit of 5491659383?
5
What is the units digit of 46080607?
7
What is the ten millions digit of 722901124?
2
What is the hundreds digit of 36235571?
5
What is the thousands digit of 637101839?
1
What is the ten millions digit of 482